{"id":462,"date":"2015-07-06T16:22:27","date_gmt":"2015-07-06T15:22:27","guid":{"rendered":"http:\/\/tommusrhodus.wpengine.com\/?page_id=462"},"modified":"2023-07-20T21:18:08","modified_gmt":"2023-07-20T21:18:08","slug":"adventure-travel","status":"publish","type":"page","link":"https:\/\/primeclass.cl\/nacional\/","title":{"rendered":"&#8211; Bienvenido a salones VIP &#8211; Primeclass Pac\u00edfico &#8211;"},"content":{"rendered":"<p>[vc_row full_width=&#8221;stretch_row&#8221; foundry_background_style=&#8221;bg-dark&#8221; css=&#8221;.vc_custom_1689305161334{background-color: #0a0a0a !important;}&#8221;][vc_column css=&#8221;.vc_custom_1577804029241{padding-top: 52px !important;background-color: #000000 !important;}&#8221;]\n\t\t\t<section class=\"image-square left\">\n\t\t\t    <div class=\"col-md-6 image\">\n\t\t\t        <div class=\"background-image-holder\">\n\t\t\t            <img loading=\"lazy\" decoding=\"async\" width=\"2000\" height=\"1500\" src=\"https:\/\/primeclass.cl\/nacional\/wp-content\/uploads\/2018\/04\/Welcome_Lounge.jpg\" class=\"background-image\" alt=\"Primeclass Pac\u00edfico - Salones VIP en Chile\" srcset=\"https:\/\/primeclass.cl\/nacional\/wp-content\/uploads\/2018\/04\/Welcome_Lounge.jpg 2000w, https:\/\/primeclass.cl\/nacional\/wp-content\/uploads\/2018\/04\/Welcome_Lounge-300x225.jpg 300w, https:\/\/primeclass.cl\/nacional\/wp-content\/uploads\/2018\/04\/Welcome_Lounge-768x576.jpg 768w, https:\/\/primeclass.cl\/nacional\/wp-content\/uploads\/2018\/04\/Welcome_Lounge-1024x768.jpg 1024w, https:\/\/primeclass.cl\/nacional\/wp-content\/uploads\/2018\/04\/Welcome_Lounge-600x450.jpg 600w\" sizes=\"auto, (max-width: 2000px) 100vw, 2000px\" \/>\n\t\t\t        <\/div>\n\t\t\t    <\/div>\n\t\t\t    <div class=\"col-md-6 col-md-offset-1 content\">\n\t\t\t        [vc_column_text css_animation=&#8221;zoomIn&#8221;]<\/p>\n<h3 class=\"uppercase\"><span style=\"color: #ffffff;\">Un oasis para desconectarse antes de cada vuelo<\/span><\/h3>\n<p><a class=\"btn btn-lg mb0\" href=\"https:\/\/primeclass.cl\/nacional\/pago_en_linea\/\">INGRESA A PRIMECLASS AHORA<\/a><\/p>\n<p class=\"lead\">Desde hoy, comprar tu acceso a nuestros Salones VIP, es m\u00e1s f\u00e1cil que nunca. Compra tu pase diario\u00a0<a href=\"https:\/\/primeclass.cl\/nacional\/pago_en_linea\/\">aqu\u00ed<\/a>.<\/p>\n<p>[\/vc_column_text]\n\t\t\t    <\/div>\n\t\t\t<\/section>\n\t\t[\/vc_column][\/vc_row][vc_row full_width=&#8221;stretch_row&#8221; foundry_parallax=&#8221;not-parallax&#8221; css=&#8221;.vc_custom_1689779616763{margin-bottom: 0px !important;}&#8221;][vc_column offset=&#8221;vc_hidden-sm vc_hidden-xs&#8221; css=&#8221;.vc_custom_1689779648604{margin-bottom: 0px !important;}&#8221;][vc_single_image image=&#8221;2465&#8243; img_size=&#8221;full&#8221; alignment=&#8221;center&#8221; css=&#8221;.vc_custom_1689779881526{margin-bottom: 0px !important;}&#8221;][\/vc_column][\/vc_row][vc_row full_width=&#8221;stretch_row&#8221; foundry_parallax=&#8221;not-parallax&#8221; css=&#8221;.vc_custom_1689779665652{margin-top: 0px !important;margin-bottom: 0px !important;}&#8221;][vc_column offset=&#8221;vc_hidden-lg vc_hidden-md&#8221; css=&#8221;.vc_custom_1689779686119{margin-top: 0px !important;margin-bottom: 0px !important;}&#8221;][vc_single_image image=&#8221;2466&#8243; img_size=&#8221;full&#8221; alignment=&#8221;center&#8221; css=&#8221;.vc_custom_1689779841568{margin-top: 0px !important;margin-bottom: 0px !important;}&#8221;][\/vc_column][\/vc_row][vc_row foundry_parallax=&#8221;not-parallax&#8221; css=&#8221;.vc_custom_1689779756718{margin-top: 0px !important;background-image: url(https:\/\/primeclass.cl\/nacional\/wp-content\/uploads\/2019\/12\/airport1-1.png?id=2214) !important;}&#8221;][vc_column][vc_column_text]<\/p>\n<h2 class=\"uppercase mb8\" style=\"text-align: center;\">\u00bfViajando desde Santiago?<\/h2>\n<p class=\"lead mb40\" style=\"text-align: center;\">Conozca mas sobre nuestros salones VIP.<\/p>\n<p>&nbsp;<\/p>\n<p style=\"text-align: center;\"><a class=\"btn btn-lg btn-white mb0\" href=\"https:\/\/primeclass.cl\/nacional\/santiago-nacional\/\">Sal\u00f3n C\u00f3ndor Nacional<\/a><br \/>\n<a class=\"btn btn-lg btn-white mb0\" href=\"https:\/\/primeclass.cl\/nacional\/santiago-domestic-andes-lounge\/\">Sal\u00f3n Andes Internacional<\/a>[\/vc_column_text][\/vc_column][\/vc_row][vc_row][vc_column][vc_empty_space height=&#8221;15px&#8221;][vc_column_text]<\/p>\n<h3 class=\"uppercase mb0\" style=\"text-align: center;\">\u00bfQU\u00c9 DEBO ESPERAR?<\/h3>\n<p>[\/vc_column_text][\/vc_column][\/vc_row][vc_row css=&#8221;.vc_custom_1524250901149{background-image: url(https:\/\/primeclass.cl\/nacional\/wp-content\/uploads\/2018\/04\/que_debo_esperar.jpg?id=1606) !important;}&#8221;][vc_column width=&#8221;1\/3&#8243;]\n\t\t\t<div class=\"feature feature-1\">\n\t\t\t\t\n\t\t\t    <div class=\"text-center\">\n\t\t\t        <i class=\"none icon\"><\/i>\n\t\t\t        <h5 class=\"uppercase\"><\/h5>\n\t\t\t    <\/div>\n<h4 class=\"uppercase mb8\" style=\"text-align: center;\">IMPECABILIDAD<\/h4>\n<p style=\"text-align: center;\">CADA ASPECTO. CADA MOMENTO.<\/p>\n<p>\n\n\t\t\t    \n\t\t\t<\/div>\n\t\t[\/vc_column][vc_column width=&#8221;1\/3&#8243;]\n\t\t\t<div class=\"feature feature-1\">\n\t\t\t\t\n\t\t\t    <div class=\"text-center\">\n\t\t\t        <i class=\"none icon\"><\/i>\n\t\t\t        <h5 class=\"uppercase\"><\/h5>\n\t\t\t    <\/div>\n<h4 class=\"uppercase mb8\" style=\"text-align: center;\">CALIDAD<\/h4>\n<p style=\"text-align: center;\">EN NUESTRAS INSTALACIONES Y CADA UNO DE NUESTROS SERVICIOS<\/p>\n<p>\n\n\t\t\t    \n\t\t\t<\/div>\n\t\t[\/vc_column][vc_column width=&#8221;1\/3&#8243;]\n\t\t\t<div class=\"feature feature-1\">\n\t\t\t\t\n\t\t\t    <div class=\"text-center\">\n\t\t\t        <i class=\"none icon\"><\/i>\n\t\t\t        <h5 class=\"uppercase\"><\/h5>\n\t\t\t    <\/div>\n<h4 class=\"uppercase mb8\" style=\"text-align: center;\">COMODIDAD<\/h4>\n<p style=\"text-align: center;\">SORPRENDATE CON NUESTRO ESTILO Y CONFORT<\/p>\n<p>\n\n\t\t\t    \n\t\t\t<\/div>\n\t\t[\/vc_column][\/vc_row][vc_row disable_element=&#8221;yes&#8221;][vc_column width=&#8221;1\/12&#8243;][\/vc_column][vc_column width=&#8221;5\/6&#8243;][vc_column_text]<\/p>\n<h3 class=\"uppercase mb40 mb-xs-24\" style=\"text-align: center;\">EXISTIMOS PARA HACER SU VIAJE INOLVIDABLE<\/h3>\n<p class=\"lead mb64\" style=\"text-align: center;\">Viajar no es f\u00e1cil, a\u00fan m\u00e1s los viajes a\u00e9reos.<br \/>\nPuede ser una experiencia estresante, por eso creamos un oasis dentro del Aeropuerto de Santiago.<br \/>\nUn \u00e1rea para evitar los sonidos molestos y la agitacion de tu alrededor<br \/>\nTe invitamos a visitarnos y\u00a0disfrutar de nuestros salones VIP y exclusivos servicios[\/vc_column_text][\/vc_column][vc_column width=&#8221;1\/12&#8243;][\/vc_column][\/vc_row]<\/p>\n","protected":false},"excerpt":{"rendered":"<p>[vc_row full_width=&#8221;stretch_row&#8221; foundry_background_style=&#8221;bg-dark&#8221; css=&#8221;.vc_custom_1689305161334{background-color: #0a0a0a !important;}&#8221;][vc_column css=&#8221;.vc_custom_1577804029241{padding-top: 52px !important;background-color: #000000 !important;}&#8221;][\/vc_column][\/vc_row][vc_row full_width=&#8221;stretch_row&#8221; foundry_parallax=&#8221;not-parallax&#8221; css=&#8221;.vc_custom_1689779616763{margin-bottom: 0px !important;}&#8221;][vc_column offset=&#8221;vc_hidden-sm vc_hidden-xs&#8221; css=&#8221;.vc_custom_1689779648604{margin-bottom: 0px !important;}&#8221;][vc_single_image&#8230;<\/p>\n","protected":false},"author":1,"featured_media":0,"parent":0,"menu_order":0,"comment_status":"closed","ping_status":"closed","template":"","meta":{"footnotes":""},"class_list":["post-462","page","type-page","status-publish","hentry"],"_links":{"self":[{"href":"https:\/\/primeclass.cl\/nacional\/wp-json\/wp\/v2\/pages\/462","targetHints":{"allow":["GET"]}}],"collection":[{"href":"https:\/\/primeclass.cl\/nacional\/wp-json\/wp\/v2\/pages"}],"about":[{"href":"https:\/\/primeclass.cl\/nacional\/wp-json\/wp\/v2\/types\/page"}],"author":[{"embeddable":true,"href":"https:\/\/primeclass.cl\/nacional\/wp-json\/wp\/v2\/users\/1"}],"replies":[{"embeddable":true,"href":"https:\/\/primeclass.cl\/nacional\/wp-json\/wp\/v2\/comments?post=462"}],"version-history":[{"count":80,"href":"https:\/\/primeclass.cl\/nacional\/wp-json\/wp\/v2\/pages\/462\/revisions"}],"predecessor-version":[{"id":2467,"href":"https:\/\/primeclass.cl\/nacional\/wp-json\/wp\/v2\/pages\/462\/revisions\/2467"}],"wp:attachment":[{"href":"https:\/\/primeclass.cl\/nacional\/wp-json\/wp\/v2\/media?parent=462"}],"curies":[{"name":"wp","href":"https:\/\/api.w.org\/{rel}","templated":true}]}}

&#8211; Bienvenido a salones VIP &#8211; Primeclass Pacífico &#8211;

<p>[vc_row full_width=&#8221;stretch_row&#8221; foundry_background_style=&#8221;bg-dark&#8221; css=&#8221;.vc_custom_1689305161334{background-color: #0a0a0a !important;}&#8221;][vc_column css=&#8221;.vc_custom_1577804029241{padding-top: 52px !important;background-color: #000000 !important;}&#8221;]
			<section class="image-square left">
			    <div class="col-md-6 image">
			        <div class="background-image-holder">
			            <img loading="lazy" decoding="async" width="2000" height="1500" src="https://primeclass.cl/nacional/wp-content/uploads/2018/04/Welcome_Lounge.jpg" class="background-image" alt="Primeclass Pacífico - Salones VIP en Chile" srcset="https://primeclass.cl/nacional/wp-content/uploads/2018/04/Welcome_Lounge.jpg 2000w, https://primeclass.cl/nacional/wp-content/uploads/2018/04/Welcome_Lounge-300x225.jpg 300w, https://primeclass.cl/nacional/wp-content/uploads/2018/04/Welcome_Lounge-768x576.jpg 768w, https://primeclass.cl/nacional/wp-content/uploads/2018/04/Welcome_Lounge-1024x768.jpg 1024w, https://primeclass.cl/nacional/wp-content/uploads/2018/04/Welcome_Lounge-600x450.jpg 600w" sizes="auto, (max-width: 2000px) 100vw, 2000px" />
			        </div>
			    </div>
			    <div class="col-md-6 col-md-offset-1 content">
			        [vc_column_text css_animation=&#8221;zoomIn&#8221;]</p>
<h3 class="uppercase"><span style="color: #ffffff;">Un oasis para desconectarse antes de cada vuelo</span></h3>
<p><a class="btn btn-lg mb0" href="https://primeclass.cl/nacional/pago_en_linea/">INGRESA A PRIMECLASS AHORA</a></p>
<p class="lead">Desde hoy, comprar tu acceso a nuestros Salones VIP, es más fácil que nunca. Compra tu pase diario <a href="https://primeclass.cl/nacional/pago_en_linea/">aquí</a>.</p>
<p>[/vc_column_text]
			    </div>
			</section>
		[/vc_column][/vc_row][vc_row full_width=&#8221;stretch_row&#8221; foundry_parallax=&#8221;not-parallax&#8221; css=&#8221;.vc_custom_1689779616763{margin-bottom: 0px !important;}&#8221;][vc_column offset=&#8221;vc_hidden-sm vc_hidden-xs&#8221; css=&#8221;.vc_custom_1689779648604{margin-bottom: 0px !important;}&#8221;][vc_single_image image=&#8221;2465&#8243; img_size=&#8221;full&#8221; alignment=&#8221;center&#8221; css=&#8221;.vc_custom_1689779881526{margin-bottom: 0px !important;}&#8221;][/vc_column][/vc_row][vc_row full_width=&#8221;stretch_row&#8221; foundry_parallax=&#8221;not-parallax&#8221; css=&#8221;.vc_custom_1689779665652{margin-top: 0px !important;margin-bottom: 0px !important;}&#8221;][vc_column offset=&#8221;vc_hidden-lg vc_hidden-md&#8221; css=&#8221;.vc_custom_1689779686119{margin-top: 0px !important;margin-bottom: 0px !important;}&#8221;][vc_single_image image=&#8221;2466&#8243; img_size=&#8221;full&#8221; alignment=&#8221;center&#8221; css=&#8221;.vc_custom_1689779841568{margin-top: 0px !important;margin-bottom: 0px !important;}&#8221;][/vc_column][/vc_row][vc_row foundry_parallax=&#8221;not-parallax&#8221; css=&#8221;.vc_custom_1689779756718{margin-top: 0px !important;background-image: url(https://primeclass.cl/nacional/wp-content/uploads/2019/12/airport1-1.png?id=2214) !important;}&#8221;][vc_column][vc_column_text]</p>
<h2 class="uppercase mb8" style="text-align: center;">¿Viajando desde Santiago?</h2>
<p class="lead mb40" style="text-align: center;">Conozca mas sobre nuestros salones VIP.</p>
<p>&nbsp;</p>
<p style="text-align: center;"><a class="btn btn-lg btn-white mb0" href="https://primeclass.cl/nacional/santiago-nacional/">Salón Cóndor Nacional</a><br />
<a class="btn btn-lg btn-white mb0" href="https://primeclass.cl/nacional/santiago-domestic-andes-lounge/">Salón Andes Internacional</a>[/vc_column_text][/vc_column][/vc_row][vc_row][vc_column][vc_empty_space height=&#8221;15px&#8221;][vc_column_text]</p>
<h3 class="uppercase mb0" style="text-align: center;">¿QUÉ DEBO ESPERAR?</h3>
<p>[/vc_column_text][/vc_column][/vc_row][vc_row css=&#8221;.vc_custom_1524250901149{background-image: url(https://primeclass.cl/nacional/wp-content/uploads/2018/04/que_debo_esperar.jpg?id=1606) !important;}&#8221;][vc_column width=&#8221;1/3&#8243;]
			<div class="feature feature-1">
				
			    <div class="text-center">
			        <i class="none icon"></i>
			        <h5 class="uppercase"></h5>
			    </div>
<h4 class="uppercase mb8" style="text-align: center;">IMPECABILIDAD</h4>
<p style="text-align: center;">CADA ASPECTO. CADA MOMENTO.</p>
<p>

			    
			</div>
		[/vc_column][vc_column width=&#8221;1/3&#8243;]
			<div class="feature feature-1">
				
			    <div class="text-center">
			        <i class="none icon"></i>
			        <h5 class="uppercase"></h5>
			    </div>
<h4 class="uppercase mb8" style="text-align: center;">CALIDAD</h4>
<p style="text-align: center;">EN NUESTRAS INSTALACIONES Y CADA UNO DE NUESTROS SERVICIOS</p>
<p>

			    
			</div>
		[/vc_column][vc_column width=&#8221;1/3&#8243;]
			<div class="feature feature-1">
				
			    <div class="text-center">
			        <i class="none icon"></i>
			        <h5 class="uppercase"></h5>
			    </div>
<h4 class="uppercase mb8" style="text-align: center;">COMODIDAD</h4>
<p style="text-align: center;">SORPRENDATE CON NUESTRO ESTILO Y CONFORT</p>
<p>

			    
			</div>
		[/vc_column][/vc_row][vc_row disable_element=&#8221;yes&#8221;][vc_column width=&#8221;1/12&#8243;][/vc_column][vc_column width=&#8221;5/6&#8243;][vc_column_text]</p>
<h3 class="uppercase mb40 mb-xs-24" style="text-align: center;">EXISTIMOS PARA HACER SU VIAJE INOLVIDABLE</h3>
<p class="lead mb64" style="text-align: center;">Viajar no es fácil, aún más los viajes aéreos.<br />
Puede ser una experiencia estresante, por eso creamos un oasis dentro del Aeropuerto de Santiago.<br />
Un área para evitar los sonidos molestos y la agitacion de tu alrededor<br />
Te invitamos a visitarnos y disfrutar de nuestros salones VIP y exclusivos servicios[/vc_column_text][/vc_column][vc_column width=&#8221;1/12&#8243;][/vc_column][/vc_row]</p>
